{"id":413,"date":"2018-12-15T14:20:29","date_gmt":"2018-12-15T14:20:29","guid":{"rendered":"http:\/\/s27835.p712.sites.pressdns.com\/fr\/bordeaux\/?page_id=413"},"modified":"2023-03-24T15:23:39","modified_gmt":"2023-03-24T15:23:39","slug":"blog","status":"publish","type":"page","link":"https:\/\/staging4.escapehunt.com\/fr\/paris\/blog\/","title":{"rendered":"Blog"},"content":{"rendered":"<h3 class=\"ish-sc-element ish-sc_headline ish-color3 ish-center\"><strong>NOS ACTUALIT\u00c9S, OFFRES ET PROMOTIONS !<\/strong><\/h3>\n<div class=\"wpb_text_column wpb_content_element \">\n<div class=\"wpb_wrapper\">\n<p>C\u2019est ici que vous pourrez retrouver diff\u00e9rents posts sur l\u2019actualit\u00e9 d&rsquo;Escape Hunt Paris.<\/p>\n<p>Bonne lecture !<\/p>\n<hr \/>\n<\/div>\n<p>&nbsp;<\/p>\n<h4><a href=\"https:\/\/staging4.escapehunt.com\/fr\/paris\/2023\/03\/24\/chasse-aux-tresor-paques-2023\/\"><span style=\"color: #e1622c;\">COMMENT ORGANISER UNE CHASSE AU TR\u00c9SOR POUR P\u00c2QUES AVEC LE TR\u00c9SOR DU CAPITAINE RUBY<\/span><\/a><\/h4>\n<p>P\u00e2ques approche \u00e0 grands pas et vous \u00eates \u00e0 la recherche d\u2019une activit\u00e9 ludique et gourmande pour vos enfants ? Ne cherchez plus, nous avons la solution ! <\/p>\n<p><a class=\" button button--primary\" href=\"https:\/\/staging4.escapehunt.com\/fr\/paris\/2023\/03\/24\/chasse-aux-tresor-paques-2023\/\">Lire l&rsquo;article\u00a0<\/a><\/p>\n<p>&nbsp;<\/p>\n<h4><a href=\"https:\/\/staging4.escapehunt.com\/fr\/paris\/2023\/01\/24\/saint-valentin-idee-cadeau-originale\/\"><span style=\"color: #e1622c;\">UNE SAINT VALENTIN M\u00c9MORABLE : POURQUOI UN ESCAPE GAME EST-IL LE CADEAU ID\u00c9AL ?<\/span><\/a><\/h4>\n<p>Vous \u00eates \u00e0 la recherche d\u2019un cadeau unique et m\u00e9morable pour votre +1 ? L\u2019Escape Game est le cadeau id\u00e9al pour tous ceux qui recherchent une exp\u00e9rience originale et interactive pour la Saint Valentin.<\/p>\n<p><a class=\" button button--primary\" href=\"https:\/\/staging4.escapehunt.com\/fr\/paris\/2023\/01\/24\/saint-valentin-idee-cadeau-originale\/\">Lire l&rsquo;article\u00a0<\/a><\/p>\n<p>&nbsp;<\/p>\n<h4><a href=\"https:\/\/staging4.escapehunt.com\/fr\/paris\/2021\/12\/10\/5-sorties-pour-lhiver-a-paris\/\"><span style=\"color: #e1622c;\">5 SORTIES DE NO\u00cbL \u00c0 PARIS\u00a0<\/span><\/a><\/h4>\n<p>No\u00ebl approche \u00e0 grands pas pour tout le monde et vous n\u2019avez pas d\u2019id\u00e9es pour occuper les enfants et les plus grands ? Escape Hunt vous propose 5 id\u00e9es de sorties de No\u00ebl \u00e0 Paris !<\/p>\n<p>&nbsp;<br \/>\n<a class=\" button button--primary\" href=\"https:\/\/staging4.escapehunt.com\/fr\/paris\/2021\/12\/10\/5-sorties-pour-lhiver-a-paris\/\">Lire l&rsquo;article\u00a0<\/a><\/p>\n<h4><a href=\"https:\/\/staging4.escapehunt.com\/fr\/paris\/2021\/12\/10\/top-5-meilleures-idees-cadeaux-pour-noel-2021\/\"><span style=\"color: #e1622c;\">[TOP 5] MEILLEURES ID\u00c9ES CADEAUX POUR NO\u00cbL<\/span><\/a><\/h4>\n<p>En panne d\u2019inspiration pour trouver une id\u00e9e de cadeau de No\u00ebl qui fera plaisir \u00e0 coup s\u00fbr ? Escape Hunt est la pour vous !<\/p>\n<p>&nbsp;<br \/>\n<a class=\" button button--primary\" href=\"https:\/\/staging4.escapehunt.com\/fr\/paris\/2021\/12\/10\/top-5-meilleures-idees-cadeaux-pour-noel-2021\/\">Lire l&rsquo;article\u00a0<\/a><\/p>\n<h4><a href=\"https:\/\/staging4.escapehunt.com\/fr\/paris\/2021\/09\/15\/pass-culture-escape-hunt\/\"><span style=\"color: #e1622c;\">PASS CULTURE ET ESCAPE HUNT\u00a0<\/span><\/a><\/h4>\n<p>Vous avez 18 ans et vous voulez profiter d&rsquo;activit\u00e9s culturelle gratuitement ? D\u00e9couvrez le Pass Culture dont nous sommes partenaire !<\/p>\n<p>&nbsp;<\/p>\n<h4><a href=\"https:\/\/staging4.escapehunt.com\/fr\/paris\/2021\/04\/23\/chasse-au-tresor-le-tresor-du-capitaine-ruby\/\"><span style=\"color: #e1622c;\">CHASSE AU TR\u00c9SOR : LE TR\u00c9SOR DU CAPITAINE RUBY<\/span><\/a><\/h4>\n<p>D\u00e9couvrez le tr\u00e9sor du capitaine Ruby et partez en route vers une chasse au tr\u00e9sor inoubliable pour retrouver le tr\u00e9sor du Capitaine Ruby.<\/p>\n<p><a class=\" button button--primary\" href=\"https:\/\/staging4.escapehunt.com\/fr\/paris\/2021\/04\/23\/chasse-au-tresor-le-tresor-du-capitaine-ruby\/\">Lire l&rsquo;article\u00a0<\/a><\/p>\n<p>&nbsp;<\/p>\n<\/div>\n<h4><a href=\"https:\/\/staging4.escapehunt.com\/fr\/paris\/2021\/01\/15\/top-5-escape-game-a-faire-a-la-maison\/\"><span style=\"color: #e1622c;\">[TOP 5] ESCAPE GAME \u00c0 FAIRE \u00c0 LA MAISON<\/span><\/a><\/h4>\n<p>En recherche d&rsquo;activit\u00e9 \u00e0 faire chez soi ? Vous trouverez votre bonheur dans ce top des escape game \u00e0 faire \u00e0 la maison !.<\/p>\n<p><a class=\" button button--primary\" href=\"https:\/\/staging4.escapehunt.com\/fr\/paris\/2021\/01\/15\/top-5-escape-game-a-faire-a-la-maison\/\">Lire l&rsquo;article\u00a0<\/a><\/p>\n<p>&nbsp;<\/p>\n<h4><a href=\"https:\/\/staging4.escapehunt.com\/fr\/paris\/2020\/04\/17\/5-idees-dactivites-a-faire-en-couple-a-paris\/\"><span style=\"font-weight: 400;\">5 ID\u00c9ES D&rsquo;ACTIVIT\u00c9S \u00c0 FAIRE EN COUPLE A PARIS<\/span><\/a><\/h4>\n<p><span style=\"font-weight: 400;\">En panne d\u2019exp\u00e9riences originales \u00e0 partager avec votre moiti\u00e9 ? Nous avons list\u00e9 les 5 meilleures activit\u00e9s pour 2 personnes \u00e0 faire sur Paris ! <a class=\" button button--primary\" href=\"https:\/\/staging4.escapehunt.com\/fr\/paris\/2020\/04\/17\/5-idees-dactivites-a-faire-en-couple-a-paris\/\">Lire l&rsquo;article<\/a><\/span><\/p>\n<p>&nbsp;<\/p>\n<h4><a href=\"https:\/\/staging4.escapehunt.com\/fr\/paris\/2019\/02\/15\/excitement-unlocked\/\" target=\"_blank\" rel=\"noopener noreferrer\">EXCITEMENT. UNLOCKED.<\/a><\/h4>\n<p>Retour sur l&rsquo;aventure Escape Hunt et nos projets \u00e0 venir autour d&rsquo;une identit\u00e9 renouvel\u00e9e alors qu&rsquo;Escape Hunt Paris f\u00eatera bient\u00f4t ses 4 ans !<\/p>\n<p><a class=\" button button--primary\" href=\"https:\/\/staging4.escapehunt.com\/fr\/paris\/2019\/02\/15\/excitement-unlocked\/\" target=\"_blank\" rel=\"noopener noreferrer\">Lire l&rsquo;article<\/a><\/p>\n<p>&nbsp;<\/p>\n<p>&nbsp;<\/p>\n<p>&nbsp;<\/p>\n<p>&nbsp;<\/p>\n<\/div>\n","protected":false},"excerpt":{"rendered":"<p>NOS ACTUALIT\u00c9S, OFFRES ET PROMOTIONS ! C\u2019est ici que vous pourrez retrouver diff\u00e9rents posts sur l\u2019actualit\u00e9 d&rsquo;Escape Hunt Paris. Bonne lecture ! &nbsp; COMMENT ORGANISER UNE CHASSE AU TR\u00c9SOR POUR&hellip;<\/p>\n","protected":false},"author":6,"featured_media":0,"parent":0,"menu_order":34,"comment_status":"closed","ping_status":"closed","template":"","meta":{"_acf_changed":false,"footnotes":""},"class_list":["post-413","page","type-page","status-publish","hentry"],"acf":{"custom_schema_json":""},"yoast_head":"<!-- This site is optimized with the Yoast SEO plugin v27.5 - https:\/\/yoast.com\/product\/yoast-seo-wordpress\/ -->\n<title>Blog - Paris<\/title>\n<meta name=\"robots\" content=\"noindex, follow, max-snippet:-1, max-image-preview:large, max-video-preview:-1\" \/>\n<meta property=\"og:locale\" content=\"fr_FR\" \/>\n<meta property=\"og:type\" content=\"article\" \/>\n<meta property=\"og:title\" content=\"Blog - Paris\" \/>\n<meta property=\"og:description\" content=\"NOS ACTUALIT\u00c9S, OFFRES ET PROMOTIONS ! C\u2019est ici que vous pourrez retrouver diff\u00e9rents posts sur l\u2019actualit\u00e9 d&rsquo;Escape Hunt Paris. Bonne lecture ! &nbsp; COMMENT ORGANISER UNE CHASSE AU TR\u00c9SOR POUR&hellip;\" \/>\n<meta property=\"og:url\" content=\"https:\/\/escapehunt.com\/fr\/paris\/blog\/\" \/>\n<meta property=\"og:site_name\" content=\"Paris\" \/>\n<meta property=\"article:modified_time\" content=\"2023-03-24T15:23:39+00:00\" \/>\n<meta name=\"twitter:card\" content=\"summary_large_image\" \/>\n<meta name=\"twitter:label1\" content=\"Dur\u00e9e de lecture estim\u00e9e\" \/>\n\t<meta name=\"twitter:data1\" content=\"2 minutes\" \/>\n<script type=\"application\/ld+json\" class=\"yoast-schema-graph\">{\"@context\":\"https:\\\/\\\/schema.org\",\"@graph\":[{\"@type\":\"WebPage\",\"@id\":\"https:\\\/\\\/escapehunt.com\\\/fr\\\/paris\\\/blog\\\/\",\"url\":\"https:\\\/\\\/escapehunt.com\\\/fr\\\/paris\\\/blog\\\/\",\"name\":\"Blog - Paris\",\"isPartOf\":{\"@id\":\"https:\\\/\\\/escapehunt.com\\\/fr\\\/paris\\\/#website\"},\"datePublished\":\"2018-12-15T14:20:29+00:00\",\"dateModified\":\"2023-03-24T15:23:39+00:00\",\"breadcrumb\":{\"@id\":\"https:\\\/\\\/escapehunt.com\\\/fr\\\/paris\\\/blog\\\/#breadcrumb\"},\"inLanguage\":\"fr-FR\",\"potentialAction\":[{\"@type\":\"ReadAction\",\"target\":[\"https:\\\/\\\/escapehunt.com\\\/fr\\\/paris\\\/blog\\\/\"]}]},{\"@type\":\"BreadcrumbList\",\"@id\":\"https:\\\/\\\/escapehunt.com\\\/fr\\\/paris\\\/blog\\\/#breadcrumb\",\"itemListElement\":[{\"@type\":\"ListItem\",\"position\":1,\"name\":\"Home\",\"item\":\"https:\\\/\\\/staging4.escapehunt.com\\\/fr\\\/paris\\\/\"},{\"@type\":\"ListItem\",\"position\":2,\"name\":\"Blog\"}]},{\"@type\":\"WebSite\",\"@id\":\"https:\\\/\\\/escapehunt.com\\\/fr\\\/paris\\\/#website\",\"url\":\"https:\\\/\\\/escapehunt.com\\\/fr\\\/paris\\\/\",\"name\":\"Paris\",\"description\":\"Escape Hunt Paris - Number 1 Escape Game in Paris\",\"potentialAction\":[{\"@type\":\"SearchAction\",\"target\":{\"@type\":\"EntryPoint\",\"urlTemplate\":\"https:\\\/\\\/escapehunt.com\\\/fr\\\/paris\\\/?s={search_term_string}\"},\"query-input\":{\"@type\":\"PropertyValueSpecification\",\"valueRequired\":true,\"valueName\":\"search_term_string\"}}],\"inLanguage\":\"fr-FR\"}]}<\/script>\n<!-- \/ Yoast SEO plugin. -->","yoast_head_json":{"title":"Blog - Paris","robots":{"index":"noindex","follow":"follow","max-snippet":"max-snippet:-1","max-image-preview":"max-image-preview:large","max-video-preview":"max-video-preview:-1"},"og_locale":"fr_FR","og_type":"article","og_title":"Blog - Paris","og_description":"NOS ACTUALIT\u00c9S, OFFRES ET PROMOTIONS ! C\u2019est ici que vous pourrez retrouver diff\u00e9rents posts sur l\u2019actualit\u00e9 d&rsquo;Escape Hunt Paris. Bonne lecture ! &nbsp; COMMENT ORGANISER UNE CHASSE AU TR\u00c9SOR POUR&hellip;","og_url":"https:\/\/escapehunt.com\/fr\/paris\/blog\/","og_site_name":"Paris","article_modified_time":"2023-03-24T15:23:39+00:00","twitter_card":"summary_large_image","twitter_misc":{"Dur\u00e9e de lecture estim\u00e9e":"2 minutes"},"schema":{"@context":"https:\/\/schema.org","@graph":[{"@type":"WebPage","@id":"https:\/\/escapehunt.com\/fr\/paris\/blog\/","url":"https:\/\/escapehunt.com\/fr\/paris\/blog\/","name":"Blog - Paris","isPartOf":{"@id":"https:\/\/escapehunt.com\/fr\/paris\/#website"},"datePublished":"2018-12-15T14:20:29+00:00","dateModified":"2023-03-24T15:23:39+00:00","breadcrumb":{"@id":"https:\/\/escapehunt.com\/fr\/paris\/blog\/#breadcrumb"},"inLanguage":"fr-FR","potentialAction":[{"@type":"ReadAction","target":["https:\/\/escapehunt.com\/fr\/paris\/blog\/"]}]},{"@type":"BreadcrumbList","@id":"https:\/\/escapehunt.com\/fr\/paris\/blog\/#breadcrumb","itemListElement":[{"@type":"ListItem","position":1,"name":"Home","item":"https:\/\/staging4.escapehunt.com\/fr\/paris\/"},{"@type":"ListItem","position":2,"name":"Blog"}]},{"@type":"WebSite","@id":"https:\/\/escapehunt.com\/fr\/paris\/#website","url":"https:\/\/escapehunt.com\/fr\/paris\/","name":"Paris","description":"Escape Hunt Paris - Number 1 Escape Game in Paris","potentialAction":[{"@type":"SearchAction","target":{"@type":"EntryPoint","urlTemplate":"https:\/\/escapehunt.com\/fr\/paris\/?s={search_term_string}"},"query-input":{"@type":"PropertyValueSpecification","valueRequired":true,"valueName":"search_term_string"}}],"inLanguage":"fr-FR"}]}},"custom_schema_json":"","_links":{"self":[{"href":"https:\/\/staging4.escapehunt.com\/fr\/paris\/wp-json\/wp\/v2\/pages\/413","targetHints":{"allow":["GET"]}}],"collection":[{"href":"https:\/\/staging4.escapehunt.com\/fr\/paris\/wp-json\/wp\/v2\/pages"}],"about":[{"href":"https:\/\/staging4.escapehunt.com\/fr\/paris\/wp-json\/wp\/v2\/types\/page"}],"author":[{"embeddable":true,"href":"https:\/\/staging4.escapehunt.com\/fr\/paris\/wp-json\/wp\/v2\/users\/6"}],"replies":[{"embeddable":true,"href":"https:\/\/staging4.escapehunt.com\/fr\/paris\/wp-json\/wp\/v2\/comments?post=413"}],"version-history":[{"count":5,"href":"https:\/\/staging4.escapehunt.com\/fr\/paris\/wp-json\/wp\/v2\/pages\/413\/revisions"}],"predecessor-version":[{"id":65522,"href":"https:\/\/staging4.escapehunt.com\/fr\/paris\/wp-json\/wp\/v2\/pages\/413\/revisions\/65522"}],"wp:attachment":[{"href":"https:\/\/staging4.escapehunt.com\/fr\/paris\/wp-json\/wp\/v2\/media?parent=413"}],"curies":[{"name":"wp","href":"https:\/\/api.w.org\/{rel}","templated":true}]}}